{"id":1386,"date":"2024-11-05T15:26:51","date_gmt":"2024-11-05T15:26:51","guid":{"rendered":"http:\/\/webapp.fondazionedeclaricinidornpacher.org\/la-cjase-dominical\/"},"modified":"2025-03-25T14:42:27","modified_gmt":"2025-03-25T14:42:27","slug":"la-cjase-dominical","status":"publish","type":"page","link":"http:\/\/webapp.fondazionedeclaricinidornpacher.org\/fu\/guida-ai-giardini\/la-cjase-dominical\/","title":{"rendered":"La cjase dominic\u00e2l"},"content":{"rendered":"<p>[et_pb_section fb_built=&#8221;1&#8243; admin_label=&#8221;Header&#8221; _builder_version=&#8221;4.27.4&#8243; _module_preset=&#8221;default&#8221; background_color=&#8221;gcid-e9aa2bbe-bf13-47d9-8690-d3a3c49b55dc&#8221; custom_margin=&#8221;-10px||||false|false&#8221; custom_padding=&#8221;0px||||false|false&#8221; hover_enabled=&#8221;0&#8243; saved_tabs=&#8221;all&#8221; locked=&#8221;off&#8221; collapsed=&#8221;off&#8221; global_colors_info=&#8221;{%22gcid-e9aa2bbe-bf13-47d9-8690-d3a3c49b55dc%22:%91%22background_color%22,%22background_color%22%93}&#8221; sticky_enabled=&#8221;0&#8243;][et_pb_row _builder_version=&#8221;4.27.4&#8243; _module_preset=&#8221;default&#8221; custom_margin=&#8221;0px|0px|35px|0px|false|true&#8221; hover_enabled=&#8221;0&#8243; global_colors_info=&#8221;{}&#8221; custom_padding=&#8221;0px|18px|0px|18px|false|true&#8221; sticky_enabled=&#8221;0&#8243;][et_pb_column type=&#8221;4_4&#8243; _builder_version=&#8221;4.27.2&#8243; _module_preset=&#8221;default&#8221; global_colors_info=&#8221;{}&#8221;][et_pb_post_title meta=&#8221;off&#8221; featured_image=&#8221;off&#8221; _builder_version=&#8221;4.27.4&#8243; _module_preset=&#8221;default&#8221; title_font_size=&#8221;36px&#8221; custom_margin=&#8221;0px||0px|0px|false|false&#8221; custom_padding=&#8221;0px|0px|0px|0px|false|false&#8221; hover_enabled=&#8221;0&#8243; global_colors_info=&#8221;{}&#8221; sticky_enabled=&#8221;0&#8243;][\/et_pb_post_title][\/et_pb_column][\/et_pb_row][et_pb_row _builder_version=&#8221;4.27.4&#8243; _module_preset=&#8221;default&#8221; width=&#8221;100%&#8221; custom_margin=&#8221;0px|0px|33px|0px|false|true&#8221; custom_padding=&#8221;0px|0px|0px|0px|false|true&#8221; hover_enabled=&#8221;0&#8243; locked=&#8221;off&#8221; global_colors_info=&#8221;{}&#8221; sticky_enabled=&#8221;0&#8243;][et_pb_column type=&#8221;4_4&#8243; _builder_version=&#8221;4.27.2&#8243; _module_preset=&#8221;default&#8221; global_colors_info=&#8221;{}&#8221;][et_pb_image src=&#8221;http:\/\/webapp.fondazionedeclaricinidornpacher.org\/wp-content\/uploads\/2025\/01\/dimora-padronale.jpg&#8221; title_text=&#8221;dimora padronale&#8221; show_bottom_space=&#8221;off&#8221; align=&#8221;center&#8221; _builder_version=&#8221;4.27.4&#8243; _module_preset=&#8221;default&#8221; module_alignment=&#8221;center&#8221; custom_margin=&#8221;|||0px|false|false&#8221; global_colors_info=&#8221;{}&#8221;][\/et_pb_image][\/et_pb_column][\/et_pb_row][et_pb_row _builder_version=&#8221;4.27.4&#8243; _module_preset=&#8221;default&#8221; hover_enabled=&#8221;0&#8243; global_colors_info=&#8221;{}&#8221; custom_padding=&#8221;0px|18px|0px|18px|false|true&#8221; sticky_enabled=&#8221;0&#8243; custom_margin=&#8221;0px|0px|0px|0px|false|false&#8221;][et_pb_column type=&#8221;4_4&#8243; _builder_version=&#8221;4.27.2&#8243; _module_preset=&#8221;default&#8221; global_colors_info=&#8221;{}&#8221;][et_pb_text _builder_version=&#8221;4.27.4&#8243; _module_preset=&#8221;default&#8221; text_font_size=&#8221;18px&#8221; text_line_height=&#8221;26px&#8221; custom_margin=&#8221;||||false|false&#8221; custom_padding=&#8221;||||false|false&#8221; hover_enabled=&#8221;0&#8243; global_colors_info=&#8221;{}&#8221; sticky_enabled=&#8221;0&#8243;]<\/p>\n<p><span style=\"font-weight: 400;\">Fin\u00eet intal 1697, il compl\u00e8s architetonic de vile al \u00e8 st\u00e2t progjet\u00e2t di Francesco de Claricini lant da\u00fbr dal model de \u201c<\/span><b>vile venite<\/b><span style=\"font-weight: 400;\">\u201d, tipiche de Republiche Serenissime di Vignesie, che e meteve adun funzions residenzi\u00e2ls e agriculis intai siei dominis su Tiereferme.<\/span> <span style=\"font-weight: 400;\"><br \/><\/span><span style=\"font-weight: 400;\">La struture princip\u00e2l e je la cjase dominic\u00e2l (<\/span><b>pars dominica<\/b><span style=\"font-weight: 400;\">), destinade a ospit\u00e2 la famee. Al plan tiere, un corid\u00f4r centr\u00e2l, il \u201c <\/span><b>p\u00f2rtego<\/b><span style=\"font-weight: 400;\">\u201d, al coleghe il curt\u00eel di jentrade cu lis stanziis later\u00e2ls e cul zardin sul da\u00fbr. Tal prin plan si cjatin il salon di rapresentance e lis cjamaris di jet, intant che il sot tet al jere risierv\u00e2t ai lozaments de servit\u00fbt. <\/span><\/p>\n<p><span style=\"font-weight: 400;\">La part residenzi\u00e2l de vile e je delimitade a Est dal <\/span><b>oratori di Sante Cr\u00f4s <\/b><span style=\"font-weight: 400;\">e a Ovest de <\/span><b>forestarie<\/b><span style=\"font-weight: 400;\"> Si pues acedi ae glesie, a plante uniche cun abside poligon\u00e2l, dal curt\u00eel cuadri midiant di un puarti a tr\u00ea arcadis tignudis s\u00f9 di pilastris a bugnis scuadradis. La fa\u00e7ade, dividude in tr\u00ea di lesenis in st\u00eel toscan, e je cence architr\u00e2fs e ornaments tipics, che a son st\u00e2ts sostitu\u00eets cuntun barcon centen\u00e2t e cun d\u00f4s nicjis later\u00e2ls. La toresse, cun spir\u00e2ls, e je plui alte rispiet al tet, pandint une cumbinazion origjin\u00e2l di elements classics che, ancje se no van dal dut da\u00fbr dai modei codific\u00e2ts, a testemonein l\u2019inzen dal aut\u00f4r, forsit un mestri loc\u00e2l.   <\/span><\/p>\n<p>[\/et_pb_text][\/et_pb_column][\/et_pb_row][et_pb_row _builder_version=&#8221;4.27.2&#8243; _module_preset=&#8221;default&#8221; width=&#8221;100%&#8221; custom_margin=&#8221;0px|0px|0px|0px|false|true&#8221; locked=&#8221;off&#8221; global_colors_info=&#8221;{}&#8221;][et_pb_column type=&#8221;4_4&#8243; _builder_version=&#8221;4.27.2&#8243; _module_preset=&#8221;default&#8221; global_colors_info=&#8221;{}&#8221;][et_pb_image src=&#8221;http:\/\/webapp.fondazionedeclaricinidornpacher.org\/wp-content\/uploads\/2025\/01\/Copia-di-Cappella-scaled.jpg&#8221; title_text=&#8221;Copia di Cappella&#8221; show_bottom_space=&#8221;off&#8221; align=&#8221;center&#8221; _builder_version=&#8221;4.27.4&#8243; _module_preset=&#8221;default&#8221; module_alignment=&#8221;center&#8221; custom_margin=&#8221;0px|0px|0px|0px|false|true&#8221; custom_padding=&#8221;0px||0px||false|false&#8221; global_colors_info=&#8221;{}&#8221;][\/et_pb_image][\/et_pb_column][\/et_pb_row][et_pb_row _builder_version=&#8221;4.27.4&#8243; _module_preset=&#8221;default&#8221; hover_enabled=&#8221;0&#8243; global_colors_info=&#8221;{}&#8221; custom_padding=&#8221;0px|18px|0px|18px|false|true&#8221; sticky_enabled=&#8221;0&#8243;][et_pb_column type=&#8221;4_4&#8243; _builder_version=&#8221;4.27.4&#8243; _module_preset=&#8221;default&#8221; global_colors_info=&#8221;{}&#8221;][et_pb_text _builder_version=&#8221;4.27.4&#8243; _module_preset=&#8221;default&#8221; text_font_size=&#8221;18px&#8221; text_line_height=&#8221;26px&#8221; custom_margin=&#8221;0px||0px||false|false&#8221; custom_padding=&#8221;32px||0px|0px|false|false&#8221; global_colors_info=&#8221;{}&#8221;]<\/p>\n<p><span style=\"font-weight: 400;\">L\u2019<\/span><b>as centr\u00e2l <\/b><span style=\"font-weight: 400;\"> de vile al \u00e8 marc\u00e2t di une part plui alte parsore dal cuviert, che e torne a proponi la secuence di barcon centen\u00e2t e nicjis. Tal plan nobil, tr\u00ea barcons a arc, insuaz\u00e2ts di sacomaduris retangol\u00e2rs, a son sormont\u00e2t di balustradis similis a ch\u00eas de glesie. Il port\u00e2l di ac\u00e8s al plan tiere al \u00e8 decor\u00e2t cun pieris alternadis a bugn\u00e2ts e slissis, e sot de terace dal plan superi\u00f4r al \u00e8 un mascaron in cl\u00e2f.  <\/span><\/p>\n<p><span style=\"font-weight: 400;\">Te part dal curt\u00eel a Ovest, si fasin f\u00fbr d\u00f4s <\/span><b>barcjessis<\/b><span style=\"font-weight: 400;\"> (dal venit &#8220;barco&#8221;, &#8220;barc\u00f2n&#8221;), che a dan acet a lis struturis agriculis che a coventin ae vile. La barcjesse plui grande, al plan tiere, e ten dentri lis stanziis pe foladure (folad\u00f4r), i brentiei e la cantine. Il sot tet al jere pens\u00e2t tant che gran\u00e2r e dipuesit pes racueltis e pes scortis aliment\u00e2rs (pars fructuaria). In bande, une barcjesse plui pi\u00e7ule e ospitave lis scudariis, i dipuesits dai imprescj e il ricovar pai cjars. Ator dai curt\u00eei internis, si cjatavin la stale, il pai\u00e2r, il ledan\u00e2r, la cusine e i lozaments pai colons, di maniere di cre\u00e2 un ambient autosuficient che al tign\u00ecs insiemi in maniere armoniose i spazis residenzi\u00e2i e chei produt\u00eefs.    <\/span><\/p>\n<p>[\/et_pb_text][\/et_pb_column][\/et_pb_row][\/et_pb_section]<\/p>\n","protected":false},"excerpt":{"rendered":"<p>Fin\u00eet intal 1697, il compl\u00e8s architetonic de vile al \u00e8 st\u00e2t progjet\u00e2t di Francesco de Claricini lant da\u00fbr dal model de \u201cvile venite\u201d, tipiche de Republiche Serenissime di Vignesie, che e meteve adun funzions residenzi\u00e2ls e agriculis intai siei dominis su Tiereferme. La struture princip\u00e2l e je la cjase dominic\u00e2l (pars dominica), destinade a ospit\u00e2 [&hellip;]<\/p>\n","protected":false},"author":1,"featured_media":0,"parent":1489,"menu_order":0,"comment_status":"closed","ping_status":"closed","template":"","meta":{"_et_pb_use_builder":"on","_et_pb_old_content":"","_et_gb_content_width":"","footnotes":""},"class_list":["post-1386","page","type-page","status-publish","hentry"],"_links":{"self":[{"href":"http:\/\/webapp.fondazionedeclaricinidornpacher.org\/fu\/wp-json\/wp\/v2\/pages\/1386","targetHints":{"allow":["GET"]}}],"collection":[{"href":"http:\/\/webapp.fondazionedeclaricinidornpacher.org\/fu\/wp-json\/wp\/v2\/pages"}],"about":[{"href":"http:\/\/webapp.fondazionedeclaricinidornpacher.org\/fu\/wp-json\/wp\/v2\/types\/page"}],"author":[{"embeddable":true,"href":"http:\/\/webapp.fondazionedeclaricinidornpacher.org\/fu\/wp-json\/wp\/v2\/users\/1"}],"replies":[{"embeddable":true,"href":"http:\/\/webapp.fondazionedeclaricinidornpacher.org\/fu\/wp-json\/wp\/v2\/comments?post=1386"}],"version-history":[{"count":24,"href":"http:\/\/webapp.fondazionedeclaricinidornpacher.org\/fu\/wp-json\/wp\/v2\/pages\/1386\/revisions"}],"predecessor-version":[{"id":2285,"href":"http:\/\/webapp.fondazionedeclaricinidornpacher.org\/fu\/wp-json\/wp\/v2\/pages\/1386\/revisions\/2285"}],"up":[{"embeddable":true,"href":"http:\/\/webapp.fondazionedeclaricinidornpacher.org\/fu\/wp-json\/wp\/v2\/pages\/1489"}],"wp:attachment":[{"href":"http:\/\/webapp.fondazionedeclaricinidornpacher.org\/fu\/wp-json\/wp\/v2\/media?parent=1386"}],"curies":[{"name":"wp","href":"https:\/\/api.w.org\/{rel}","templated":true}]}}

La cjase dominicâl

<p>[et_pb_section fb_built=&#8221;1&#8243; admin_label=&#8221;Header&#8221; _builder_version=&#8221;4.27.4&#8243; _module_preset=&#8221;default&#8221; background_color=&#8221;gcid-e9aa2bbe-bf13-47d9-8690-d3a3c49b55dc&#8221; custom_margin=&#8221;-10px||||false|false&#8221; custom_padding=&#8221;0px||||false|false&#8221; hover_enabled=&#8221;0&#8243; saved_tabs=&#8221;all&#8221; locked=&#8221;off&#8221; collapsed=&#8221;off&#8221; global_colors_info=&#8221;{%22gcid-e9aa2bbe-bf13-47d9-8690-d3a3c49b55dc%22:%91%22background_color%22,%22background_color%22%93}&#8221; sticky_enabled=&#8221;0&#8243;][et_pb_row _builder_version=&#8221;4.27.4&#8243; _module_preset=&#8221;default&#8221; custom_margin=&#8221;0px|0px|35px|0px|false|true&#8221; hover_enabled=&#8221;0&#8243; global_colors_info=&#8221;{}&#8221; custom_padding=&#8221;0px|18px|0px|18px|false|true&#8221; sticky_enabled=&#8221;0&#8243;][et_pb_column type=&#8221;4_4&#8243; _builder_version=&#8221;4.27.2&#8243; _module_preset=&#8221;default&#8221; global_colors_info=&#8221;{}&#8221;][et_pb_post_title meta=&#8221;off&#8221; featured_image=&#8221;off&#8221; _builder_version=&#8221;4.27.4&#8243; _module_preset=&#8221;default&#8221; title_font_size=&#8221;36px&#8221; custom_margin=&#8221;0px||0px|0px|false|false&#8221; custom_padding=&#8221;0px|0px|0px|0px|false|false&#8221; hover_enabled=&#8221;0&#8243; global_colors_info=&#8221;{}&#8221; sticky_enabled=&#8221;0&#8243;][/et_pb_post_title][/et_pb_column][/et_pb_row][et_pb_row _builder_version=&#8221;4.27.4&#8243; _module_preset=&#8221;default&#8221; width=&#8221;100%&#8221; custom_margin=&#8221;0px|0px|33px|0px|false|true&#8221; custom_padding=&#8221;0px|0px|0px|0px|false|true&#8221; hover_enabled=&#8221;0&#8243; locked=&#8221;off&#8221; global_colors_info=&#8221;{}&#8221; sticky_enabled=&#8221;0&#8243;][et_pb_column type=&#8221;4_4&#8243; _builder_version=&#8221;4.27.2&#8243; _module_preset=&#8221;default&#8221; global_colors_info=&#8221;{}&#8221;][et_pb_image src=&#8221;http://webapp.fondazionedeclaricinidornpacher.org/wp-content/uploads/2025/01/dimora-padronale.jpg&#8221; title_text=&#8221;dimora padronale&#8221; show_bottom_space=&#8221;off&#8221; align=&#8221;center&#8221; _builder_version=&#8221;4.27.4&#8243; _module_preset=&#8221;default&#8221; module_alignment=&#8221;center&#8221; custom_margin=&#8221;|||0px|false|false&#8221; global_colors_info=&#8221;{}&#8221;][/et_pb_image][/et_pb_column][/et_pb_row][et_pb_row _builder_version=&#8221;4.27.4&#8243; _module_preset=&#8221;default&#8221; hover_enabled=&#8221;0&#8243; global_colors_info=&#8221;{}&#8221; custom_padding=&#8221;0px|18px|0px|18px|false|true&#8221; sticky_enabled=&#8221;0&#8243; custom_margin=&#8221;0px|0px|0px|0px|false|false&#8221;][et_pb_column type=&#8221;4_4&#8243; _builder_version=&#8221;4.27.2&#8243; _module_preset=&#8221;default&#8221; global_colors_info=&#8221;{}&#8221;][et_pb_text _builder_version=&#8221;4.27.4&#8243; _module_preset=&#8221;default&#8221; text_font_size=&#8221;18px&#8221; text_line_height=&#8221;26px&#8221; custom_margin=&#8221;||||false|false&#8221; custom_padding=&#8221;||||false|false&#8221; hover_enabled=&#8221;0&#8243; global_colors_info=&#8221;{}&#8221; sticky_enabled=&#8221;0&#8243;]</p>
<p><span style="font-weight: 400;">Finît intal 1697, il complès architetonic de vile al è stât progjetât di Francesco de Claricini lant daûr dal model de “</span><b>vile venite</b><span style="font-weight: 400;">”, tipiche de Republiche Serenissime di Vignesie, che e meteve adun funzions residenziâls e agriculis intai siei dominis su Tiereferme.</span> <span style="font-weight: 400;"><br /></span><span style="font-weight: 400;">La struture principâl e je la cjase dominicâl (</span><b>pars dominica</b><span style="font-weight: 400;">), destinade a ospitâ la famee. Al plan tiere, un coridôr centrâl, il “ </span><b>pòrtego</b><span style="font-weight: 400;">”, al coleghe il curtîl di jentrade cu lis stanziis laterâls e cul zardin sul daûr. Tal prin plan si cjatin il salon di rapresentance e lis cjamaris di jet, intant che il sot tet al jere risiervât ai lozaments de servitût. </span></p>
<p><span style="font-weight: 400;">La part residenziâl de vile e je delimitade a Est dal </span><b>oratori di Sante Crôs </b><span style="font-weight: 400;">e a Ovest de </span><b>forestarie</b><span style="font-weight: 400;"> Si pues acedi ae glesie, a plante uniche cun abside poligonâl, dal curtîl cuadri midiant di un puarti a trê arcadis tignudis sù di pilastris a bugnis scuadradis. La façade, dividude in trê di lesenis in stîl toscan, e je cence architrâfs e ornaments tipics, che a son stâts sostituîts cuntun barcon centenât e cun dôs nicjis laterâls. La toresse, cun spirâls, e je plui alte rispiet al tet, pandint une cumbinazion origjinâl di elements classics che, ancje se no van dal dut daûr dai modei codificâts, a testemonein l’inzen dal autôr, forsit un mestri locâl.   </span></p>
<p>[/et_pb_text][/et_pb_column][/et_pb_row][et_pb_row _builder_version=&#8221;4.27.2&#8243; _module_preset=&#8221;default&#8221; width=&#8221;100%&#8221; custom_margin=&#8221;0px|0px|0px|0px|false|true&#8221; locked=&#8221;off&#8221; global_colors_info=&#8221;{}&#8221;][et_pb_column type=&#8221;4_4&#8243; _builder_version=&#8221;4.27.2&#8243; _module_preset=&#8221;default&#8221; global_colors_info=&#8221;{}&#8221;][et_pb_image src=&#8221;http://webapp.fondazionedeclaricinidornpacher.org/wp-content/uploads/2025/01/Copia-di-Cappella-scaled.jpg&#8221; title_text=&#8221;Copia di Cappella&#8221; show_bottom_space=&#8221;off&#8221; align=&#8221;center&#8221; _builder_version=&#8221;4.27.4&#8243; _module_preset=&#8221;default&#8221; module_alignment=&#8221;center&#8221; custom_margin=&#8221;0px|0px|0px|0px|false|true&#8221; custom_padding=&#8221;0px||0px||false|false&#8221; global_colors_info=&#8221;{}&#8221;][/et_pb_image][/et_pb_column][/et_pb_row][et_pb_row _builder_version=&#8221;4.27.4&#8243; _module_preset=&#8221;default&#8221; hover_enabled=&#8221;0&#8243; global_colors_info=&#8221;{}&#8221; custom_padding=&#8221;0px|18px|0px|18px|false|true&#8221; sticky_enabled=&#8221;0&#8243;][et_pb_column type=&#8221;4_4&#8243; _builder_version=&#8221;4.27.4&#8243; _module_preset=&#8221;default&#8221; global_colors_info=&#8221;{}&#8221;][et_pb_text _builder_version=&#8221;4.27.4&#8243; _module_preset=&#8221;default&#8221; text_font_size=&#8221;18px&#8221; text_line_height=&#8221;26px&#8221; custom_margin=&#8221;0px||0px||false|false&#8221; custom_padding=&#8221;32px||0px|0px|false|false&#8221; global_colors_info=&#8221;{}&#8221;]</p>
<p><span style="font-weight: 400;">L’</span><b>as centrâl </b><span style="font-weight: 400;"> de vile al è marcât di une part plui alte parsore dal cuviert, che e torne a proponi la secuence di barcon centenât e nicjis. Tal plan nobil, trê barcons a arc, insuazâts di sacomaduris retangolârs, a son sormontât di balustradis similis a chês de glesie. Il portâl di acès al plan tiere al è decorât cun pieris alternadis a bugnâts e slissis, e sot de terace dal plan superiôr al è un mascaron in clâf.  </span></p>
<p><span style="font-weight: 400;">Te part dal curtîl a Ovest, si fasin fûr dôs </span><b>barcjessis</b><span style="font-weight: 400;"> (dal venit &#8220;barco&#8221;, &#8220;barcòn&#8221;), che a dan acet a lis struturis agriculis che a coventin ae vile. La barcjesse plui grande, al plan tiere, e ten dentri lis stanziis pe foladure (foladôr), i brentiei e la cantine. Il sot tet al jere pensât tant che granâr e dipuesit pes racueltis e pes scortis alimentârs (pars fructuaria). In bande, une barcjesse plui piçule e ospitave lis scudariis, i dipuesits dai imprescj e il ricovar pai cjars. Ator dai curtîi internis, si cjatavin la stale, il paiâr, il ledanâr, la cusine e i lozaments pai colons, di maniere di creâ un ambient autosuficient che al tignìs insiemi in maniere armoniose i spazis residenziâi e chei produtîfs.    </span></p>
<p>[/et_pb_text][/et_pb_column][/et_pb_row][/et_pb_section]</p>

<p>Finît intal 1697, il complès architetonic de vile al è stât progjetât di Francesco de Claricini lant daûr dal model de “vile venite”, tipiche de Republiche Serenissime di Vignesie, che e meteve adun funzions residenziâls e agriculis intai siei dominis su Tiereferme. La struture principâl e je la cjase dominicâl (pars dominica), destinade a ospitâ [&hellip;]</p>
