{"id":1428,"date":"2024-11-05T15:31:12","date_gmt":"2024-11-05T15:31:12","guid":{"rendered":"http:\/\/webapp.fondazionedeclaricinidornpacher.org\/la-sidrere-dai-limons\/"},"modified":"2025-03-25T14:42:27","modified_gmt":"2025-03-25T14:42:27","slug":"la-sidrere-dai-limons","status":"publish","type":"page","link":"http:\/\/webapp.fondazionedeclaricinidornpacher.org\/fu\/guida-ai-giardini\/la-sidrere-dai-limons\/","title":{"rendered":"La sidrere dai limons"},"content":{"rendered":"<p>[et_pb_section fb_built=&#8221;1&#8243; admin_label=&#8221;Header&#8221; _builder_version=&#8221;4.27.4&#8243; _module_preset=&#8221;default&#8221; background_color=&#8221;gcid-e9aa2bbe-bf13-47d9-8690-d3a3c49b55dc&#8221; custom_margin=&#8221;-10px|0px|0px|0px|false|false&#8221; custom_padding=&#8221;0px|0px|0px|0px|false|false&#8221; hover_enabled=&#8221;0&#8243; saved_tabs=&#8221;all&#8221; locked=&#8221;off&#8221; collapsed=&#8221;off&#8221; global_colors_info=&#8221;{%22gcid-e9aa2bbe-bf13-47d9-8690-d3a3c49b55dc%22:%91%22background_color%22,%22background_color%22%93}&#8221; sticky_enabled=&#8221;0&#8243;][et_pb_row _builder_version=&#8221;4.27.4&#8243; _module_preset=&#8221;default&#8221; custom_margin=&#8221;0px|0px|35px|0px|false|false&#8221; custom_padding=&#8221;0px||0px|18px|false|false&#8221; hover_enabled=&#8221;0&#8243; global_colors_info=&#8221;{}&#8221; sticky_enabled=&#8221;0&#8243;][et_pb_column type=&#8221;4_4&#8243; _builder_version=&#8221;4.27.2&#8243; _module_preset=&#8221;default&#8221; global_colors_info=&#8221;{}&#8221;][et_pb_post_title meta=&#8221;off&#8221; featured_image=&#8221;off&#8221; _builder_version=&#8221;4.27.4&#8243; _module_preset=&#8221;default&#8221; title_font_size=&#8221;36px&#8221; custom_margin=&#8221;0px||0px|0px|false|false&#8221; custom_padding=&#8221;0px|0px|0px|0px|false|false&#8221; global_colors_info=&#8221;{}&#8221;][\/et_pb_post_title][\/et_pb_column][\/et_pb_row][et_pb_row _builder_version=&#8221;4.27.4&#8243; _module_preset=&#8221;default&#8221; width=&#8221;100%&#8221; custom_margin=&#8221;0px|0px|33px|0px|false|true&#8221; custom_padding=&#8221;0px|0px|0px|0px|false|true&#8221; locked=&#8221;off&#8221; global_colors_info=&#8221;{}&#8221;][et_pb_column type=&#8221;4_4&#8243; _builder_version=&#8221;4.27.2&#8243; _module_preset=&#8221;default&#8221; global_colors_info=&#8221;{}&#8221;][et_pb_image src=&#8221;http:\/\/webapp.fondazionedeclaricinidornpacher.org\/wp-content\/uploads\/2025\/01\/la-limonaia.jpg&#8221; title_text=&#8221;la limonaia&#8221; show_bottom_space=&#8221;off&#8221; align=&#8221;center&#8221; _builder_version=&#8221;4.27.4&#8243; _module_preset=&#8221;default&#8221; module_alignment=&#8221;center&#8221; custom_margin=&#8221;0px||0px||false|false&#8221; custom_padding=&#8221;0px||0px||false|false&#8221; global_colors_info=&#8221;{}&#8221;][\/et_pb_image][\/et_pb_column][\/et_pb_row][et_pb_row _builder_version=&#8221;4.27.4&#8243; _module_preset=&#8221;default&#8221; custom_margin=&#8221;0px|0px|24px|0px|false|false&#8221; custom_padding=&#8221;0px|18px|0px|18px|false|true&#8221; global_colors_info=&#8221;{}&#8221;][et_pb_column type=&#8221;4_4&#8243; _builder_version=&#8221;4.27.4&#8243; _module_preset=&#8221;default&#8221; global_colors_info=&#8221;{}&#8221;][et_pb_text _builder_version=&#8221;4.27.4&#8243; _module_preset=&#8221;default&#8221; text_font_size=&#8221;18px&#8221; text_line_height=&#8221;26px&#8221; custom_margin=&#8221;0px||0px||false|false&#8221; custom_padding=&#8221;0px|0px|0px|0px|false|false&#8221; global_colors_info=&#8221;{}&#8221;]<\/p>\n<p><span style=\"font-weight: 400;\">La sidrere dai limons de vile e je un dai elements plui inmagants di cjal\u00e2, un l\u00fbc che al ten dongje funzionalit\u00e2t e elegance. <\/span><span style=\"font-weight: 400;\"><br \/><\/span><span style=\"font-weight: 400;\">Fate s\u00f9 intal<\/span> <b>1883 <\/b><span style=\"font-weight: 400;\">par vol\u00ea dal cont Guglielmo Claricini Dornpacher, cheste struture e je stade pensade par protezi i arbui di limon intal periodi fr\u00eat dal Invier.<\/span> <span style=\"font-weight: 400;\"><br \/><\/span><span style=\"font-weight: 400;\">La <\/span><b>tradizion <\/b><span style=\"font-weight: 400;\">e fonde lis lidr\u00ees intes vilis storichis europeanis e si slargje prin di dut in Italie, France e Ingletiere, li che chestis struturis a jerin fondament\u00e2ls par coltiv\u00e2 e par protezi lis plantis delicadis, tant che i limon\u00e2rs, che a \u00e0n bisugne di un ambient che ju pari dal fr\u00eat.<\/span> <span style=\"font-weight: 400;\"><br \/><\/span><span style=\"font-weight: 400;\">Intes vilis venitis, soredut, la sidrere pai limons e devent\u00e0 un simbul di finece, une sidrere destinade no dome ae protezion, ma ancje ae bielece ornament\u00e2l, che e meteve insiemi estetiche e funzionalit\u00e2t.<\/span><\/p>\n<p>[\/et_pb_text][\/et_pb_column][\/et_pb_row][et_pb_row _builder_version=&#8221;4.27.4&#8243; _module_preset=&#8221;default&#8221; width=&#8221;100%&#8221; custom_margin=&#8221;0px|0px|0px|0px|false|true&#8221; custom_padding=&#8221;0px|18px|0px|18px|false|true&#8221; locked=&#8221;off&#8221; global_colors_info=&#8221;{}&#8221;][et_pb_column type=&#8221;4_4&#8243; _builder_version=&#8221;4.27.2&#8243; _module_preset=&#8221;default&#8221; global_colors_info=&#8221;{}&#8221;][et_pb_image src=&#8221;http:\/\/webapp.fondazionedeclaricinidornpacher.org\/wp-content\/uploads\/2025\/01\/Prospetto-conserva-agrumi-disegno-a-penna-con-data-manoscritta-1883.png&#8221; title_text=&#8221;Prospetto conserva agrumi, disegno a penna con data manoscritta 1883&#8243; show_bottom_space=&#8221;off&#8221; align=&#8221;center&#8221; _builder_version=&#8221;4.27.4&#8243; _module_preset=&#8221;default&#8221; module_alignment=&#8221;center&#8221; custom_margin=&#8221;0px|0px|0px|0px|false|true&#8221; custom_padding=&#8221;0px|0px|0px|0px|false|false&#8221; global_colors_info=&#8221;{}&#8221;][\/et_pb_image][\/et_pb_column][\/et_pb_row][et_pb_row _builder_version=&#8221;4.27.4&#8243; _module_preset=&#8221;default&#8221; custom_margin=&#8221;0px|0px|0px|0px|false|false&#8221; custom_padding=&#8221;0px|18px|0px|18px|false|true&#8221; global_colors_info=&#8221;{}&#8221;][et_pb_column type=&#8221;4_4&#8243; _builder_version=&#8221;4.27.4&#8243; _module_preset=&#8221;default&#8221; global_colors_info=&#8221;{}&#8221;][et_pb_text _builder_version=&#8221;4.27.4&#8243; _module_preset=&#8221;default&#8221; text_font_size=&#8221;18px&#8221; text_line_height=&#8221;26px&#8221; custom_margin=&#8221;0px||0px||false|false&#8221; custom_padding=&#8221;32px||24px|0px|false|false&#8221; global_colors_info=&#8221;{}&#8221;]<\/p>\n<p><span style=\"font-weight: 400;\">Ancje se sempli\u00e7, l\u2019edifici si caraterize pe s\u00f4 fa\u00e7ade elegante, cun cuatri grandis lastris insuazadis di lesenis, che si alcin suntun \u00e7ucul e a tegnin s\u00f9 il cuviert spi\u00e7\u00e2t. Chest st\u00eel essenzi\u00e2l e tal stes timp fin al jentre in maniere armoniose intal contest dal zardin ae taliane.  <\/span><span style=\"font-weight: 400;\"><br \/><\/span><span style=\"font-weight: 400;\">Dentri, i limons a vegnin conserv\u00e2ts in grancj <\/span><b>v\u00e2s di crep<\/b> <span style=\"font-weight: 400;\">decor\u00e2ts cu la steme de cjasade. Intes stagjons plui cjaldis, chescj v\u00e2s a vegnin met\u00fbts cun elegance dilunc dai \u00f4rs de strade princip\u00e2l dal zardin ae taliane, zontant un tic di col\u00f4r e di vivarosit\u00e2t a dut il spazi vert. <\/span><\/p>\n<p><span style=\"font-weight: 400;\">Un altri element senografic dentri de sidrere al \u00e8 il<\/span> <b><i>Ficus repens<\/i><\/b><span style=\"font-weight: 400;\">, un rampighin simprivert che al rivist\u00ecs lis superficiis cul so fueam lustri e fis, zontant un aspiet decorat\u00eef ae struture. Chest arbossit rampighin, origjinari di Asie e Cine, si adate dal dut al ambient de sidrere, creant une atmosfere uniche di rig\u00f4r natur\u00e2l e bielece. <\/span><\/p>\n<p><span style=\"font-weight: 400;\">La sidrere no je dome un rip\u00e2r pes plantis di limon, ma ancje un cjanton plen di incjant e di tradizion. Al testemonee la passion di Nicol\u00f2 de Claricini Dornpacher pal zardin e al ten insiemi funzionalit\u00e2t e estetiche in maniere semplice e armoniose.  <\/span><span style=\"font-weight: 400;\"><br \/><\/span><span style=\"font-weight: 400;\">Ancjem\u00f2 in d\u00ec di vu\u00ea, la struture e conserve il so r\u00fbl pratic, contribuint al incjant dal zardin e ricuardant la atenzion al detai che e \u00e0 simpri carateriz\u00e2t la cure dal vert in cheste vile.<\/span><span style=\"font-weight: 400;\"><\/span><\/p>\n<p>[\/et_pb_text][\/et_pb_column][\/et_pb_row][\/et_pb_section]<\/p>\n","protected":false},"excerpt":{"rendered":"<p>La sidrere dai limons de vile e je un dai elements plui inmagants di cjal\u00e2, un l\u00fbc che al ten dongje funzionalit\u00e2t e elegance. Fate s\u00f9 intal 1883 par vol\u00ea dal cont Guglielmo Claricini Dornpacher, cheste struture e je stade pensade par protezi i arbui di limon intal periodi fr\u00eat dal Invier. La tradizion e [&hellip;]<\/p>\n","protected":false},"author":1,"featured_media":0,"parent":1489,"menu_order":0,"comment_status":"closed","ping_status":"closed","template":"","meta":{"_et_pb_use_builder":"on","_et_pb_old_content":"","_et_gb_content_width":"","footnotes":""},"class_list":["post-1428","page","type-page","status-publish","hentry"],"_links":{"self":[{"href":"http:\/\/webapp.fondazionedeclaricinidornpacher.org\/fu\/wp-json\/wp\/v2\/pages\/1428","targetHints":{"allow":["GET"]}}],"collection":[{"href":"http:\/\/webapp.fondazionedeclaricinidornpacher.org\/fu\/wp-json\/wp\/v2\/pages"}],"about":[{"href":"http:\/\/webapp.fondazionedeclaricinidornpacher.org\/fu\/wp-json\/wp\/v2\/types\/page"}],"author":[{"embeddable":true,"href":"http:\/\/webapp.fondazionedeclaricinidornpacher.org\/fu\/wp-json\/wp\/v2\/users\/1"}],"replies":[{"embeddable":true,"href":"http:\/\/webapp.fondazionedeclaricinidornpacher.org\/fu\/wp-json\/wp\/v2\/comments?post=1428"}],"version-history":[{"count":20,"href":"http:\/\/webapp.fondazionedeclaricinidornpacher.org\/fu\/wp-json\/wp\/v2\/pages\/1428\/revisions"}],"predecessor-version":[{"id":2287,"href":"http:\/\/webapp.fondazionedeclaricinidornpacher.org\/fu\/wp-json\/wp\/v2\/pages\/1428\/revisions\/2287"}],"up":[{"embeddable":true,"href":"http:\/\/webapp.fondazionedeclaricinidornpacher.org\/fu\/wp-json\/wp\/v2\/pages\/1489"}],"wp:attachment":[{"href":"http:\/\/webapp.fondazionedeclaricinidornpacher.org\/fu\/wp-json\/wp\/v2\/media?parent=1428"}],"curies":[{"name":"wp","href":"https:\/\/api.w.org\/{rel}","templated":true}]}}

<p>[et_pb_section fb_built=&#8221;1&#8243; admin_label=&#8221;Header&#8221; _builder_version=&#8221;4.27.4&#8243; _module_preset=&#8221;default&#8221; background_color=&#8221;gcid-e9aa2bbe-bf13-47d9-8690-d3a3c49b55dc&#8221; custom_margin=&#8221;-10px|0px|0px|0px|false|false&#8221; custom_padding=&#8221;0px|0px|0px|0px|false|false&#8221; hover_enabled=&#8221;0&#8243; saved_tabs=&#8221;all&#8221; locked=&#8221;off&#8221; collapsed=&#8221;off&#8221; global_colors_info=&#8221;{%22gcid-e9aa2bbe-bf13-47d9-8690-d3a3c49b55dc%22:%91%22background_color%22,%22background_color%22%93}&#8221; sticky_enabled=&#8221;0&#8243;][et_pb_row _builder_version=&#8221;4.27.4&#8243; _module_preset=&#8221;default&#8221; custom_margin=&#8221;0px|0px|35px|0px|false|false&#8221; custom_padding=&#8221;0px||0px|18px|false|false&#8221; hover_enabled=&#8221;0&#8243; global_colors_info=&#8221;{}&#8221; sticky_enabled=&#8221;0&#8243;][et_pb_column type=&#8221;4_4&#8243; _builder_version=&#8221;4.27.2&#8243; _module_preset=&#8221;default&#8221; global_colors_info=&#8221;{}&#8221;][et_pb_post_title meta=&#8221;off&#8221; featured_image=&#8221;off&#8221; _builder_version=&#8221;4.27.4&#8243; _module_preset=&#8221;default&#8221; title_font_size=&#8221;36px&#8221; custom_margin=&#8221;0px||0px|0px|false|false&#8221; custom_padding=&#8221;0px|0px|0px|0px|false|false&#8221; global_colors_info=&#8221;{}&#8221;][/et_pb_post_title][/et_pb_column][/et_pb_row][et_pb_row _builder_version=&#8221;4.27.4&#8243; _module_preset=&#8221;default&#8221; width=&#8221;100%&#8221; custom_margin=&#8221;0px|0px|33px|0px|false|true&#8221; custom_padding=&#8221;0px|0px|0px|0px|false|true&#8221; locked=&#8221;off&#8221; global_colors_info=&#8221;{}&#8221;][et_pb_column type=&#8221;4_4&#8243; _builder_version=&#8221;4.27.2&#8243; _module_preset=&#8221;default&#8221; global_colors_info=&#8221;{}&#8221;][et_pb_image src=&#8221;http://webapp.fondazionedeclaricinidornpacher.org/wp-content/uploads/2025/01/la-limonaia.jpg&#8221; title_text=&#8221;la limonaia&#8221; show_bottom_space=&#8221;off&#8221; align=&#8221;center&#8221; _builder_version=&#8221;4.27.4&#8243; _module_preset=&#8221;default&#8221; module_alignment=&#8221;center&#8221; custom_margin=&#8221;0px||0px||false|false&#8221; custom_padding=&#8221;0px||0px||false|false&#8221; global_colors_info=&#8221;{}&#8221;][/et_pb_image][/et_pb_column][/et_pb_row][et_pb_row _builder_version=&#8221;4.27.4&#8243; _module_preset=&#8221;default&#8221; custom_margin=&#8221;0px|0px|24px|0px|false|false&#8221; custom_padding=&#8221;0px|18px|0px|18px|false|true&#8221; global_colors_info=&#8221;{}&#8221;][et_pb_column type=&#8221;4_4&#8243; _builder_version=&#8221;4.27.4&#8243; _module_preset=&#8221;default&#8221; global_colors_info=&#8221;{}&#8221;][et_pb_text _builder_version=&#8221;4.27.4&#8243; _module_preset=&#8221;default&#8221; text_font_size=&#8221;18px&#8221; text_line_height=&#8221;26px&#8221; custom_margin=&#8221;0px||0px||false|false&#8221; custom_padding=&#8221;0px|0px|0px|0px|false|false&#8221; global_colors_info=&#8221;{}&#8221;]</p>
<p><span style="font-weight: 400;">La sidrere dai limons de vile e je un dai elements plui inmagants di cjalâ, un lûc che al ten dongje funzionalitât e elegance. </span><span style="font-weight: 400;"><br /></span><span style="font-weight: 400;">Fate sù intal</span> <b>1883 </b><span style="font-weight: 400;">par volê dal cont Guglielmo Claricini Dornpacher, cheste struture e je stade pensade par protezi i arbui di limon intal periodi frêt dal Invier.</span> <span style="font-weight: 400;"><br /></span><span style="font-weight: 400;">La </span><b>tradizion </b><span style="font-weight: 400;">e fonde lis lidrîs intes vilis storichis europeanis e si slargje prin di dut in Italie, France e Ingletiere, li che chestis struturis a jerin fondamentâls par coltivâ e par protezi lis plantis delicadis, tant che i limonârs, che a àn bisugne di un ambient che ju pari dal frêt.</span> <span style="font-weight: 400;"><br /></span><span style="font-weight: 400;">Intes vilis venitis, soredut, la sidrere pai limons e deventà un simbul di finece, une sidrere destinade no dome ae protezion, ma ancje ae bielece ornamentâl, che e meteve insiemi estetiche e funzionalitât.</span></p>
<p>[/et_pb_text][/et_pb_column][/et_pb_row][et_pb_row _builder_version=&#8221;4.27.4&#8243; _module_preset=&#8221;default&#8221; width=&#8221;100%&#8221; custom_margin=&#8221;0px|0px|0px|0px|false|true&#8221; custom_padding=&#8221;0px|18px|0px|18px|false|true&#8221; locked=&#8221;off&#8221; global_colors_info=&#8221;{}&#8221;][et_pb_column type=&#8221;4_4&#8243; _builder_version=&#8221;4.27.2&#8243; _module_preset=&#8221;default&#8221; global_colors_info=&#8221;{}&#8221;][et_pb_image src=&#8221;http://webapp.fondazionedeclaricinidornpacher.org/wp-content/uploads/2025/01/Prospetto-conserva-agrumi-disegno-a-penna-con-data-manoscritta-1883.png&#8221; title_text=&#8221;Prospetto conserva agrumi, disegno a penna con data manoscritta 1883&#8243; show_bottom_space=&#8221;off&#8221; align=&#8221;center&#8221; _builder_version=&#8221;4.27.4&#8243; _module_preset=&#8221;default&#8221; module_alignment=&#8221;center&#8221; custom_margin=&#8221;0px|0px|0px|0px|false|true&#8221; custom_padding=&#8221;0px|0px|0px|0px|false|false&#8221; global_colors_info=&#8221;{}&#8221;][/et_pb_image][/et_pb_column][/et_pb_row][et_pb_row _builder_version=&#8221;4.27.4&#8243; _module_preset=&#8221;default&#8221; custom_margin=&#8221;0px|0px|0px|0px|false|false&#8221; custom_padding=&#8221;0px|18px|0px|18px|false|true&#8221; global_colors_info=&#8221;{}&#8221;][et_pb_column type=&#8221;4_4&#8243; _builder_version=&#8221;4.27.4&#8243; _module_preset=&#8221;default&#8221; global_colors_info=&#8221;{}&#8221;][et_pb_text _builder_version=&#8221;4.27.4&#8243; _module_preset=&#8221;default&#8221; text_font_size=&#8221;18px&#8221; text_line_height=&#8221;26px&#8221; custom_margin=&#8221;0px||0px||false|false&#8221; custom_padding=&#8221;32px||24px|0px|false|false&#8221; global_colors_info=&#8221;{}&#8221;]</p>
<p><span style="font-weight: 400;">Ancje se sempliç, l’edifici si caraterize pe sô façade elegante, cun cuatri grandis lastris insuazadis di lesenis, che si alcin suntun çucul e a tegnin sù il cuviert spiçât. Chest stîl essenziâl e tal stes timp fin al jentre in maniere armoniose intal contest dal zardin ae taliane.  </span><span style="font-weight: 400;"><br /></span><span style="font-weight: 400;">Dentri, i limons a vegnin conservâts in grancj </span><b>vâs di crep</b> <span style="font-weight: 400;">decorâts cu la steme de cjasade. Intes stagjons plui cjaldis, chescj vâs a vegnin metûts cun elegance dilunc dai ôrs de strade principâl dal zardin ae taliane, zontant un tic di colôr e di vivarositât a dut il spazi vert. </span></p>
<p><span style="font-weight: 400;">Un altri element senografic dentri de sidrere al è il</span> <b><i>Ficus repens</i></b><span style="font-weight: 400;">, un rampighin simprivert che al rivistìs lis superficiis cul so fueam lustri e fis, zontant un aspiet decoratîf ae struture. Chest arbossit rampighin, origjinari di Asie e Cine, si adate dal dut al ambient de sidrere, creant une atmosfere uniche di rigôr naturâl e bielece. </span></p>
<p><span style="font-weight: 400;">La sidrere no je dome un ripâr pes plantis di limon, ma ancje un cjanton plen di incjant e di tradizion. Al testemonee la passion di Nicolò de Claricini Dornpacher pal zardin e al ten insiemi funzionalitât e estetiche in maniere semplice e armoniose.  </span><span style="font-weight: 400;"><br /></span><span style="font-weight: 400;">Ancjemò in dì di vuê, la struture e conserve il so rûl pratic, contribuint al incjant dal zardin e ricuardant la atenzion al detai che e à simpri caraterizât la cure dal vert in cheste vile.</span><span style="font-weight: 400;"></span></p>
<p>[/et_pb_text][/et_pb_column][/et_pb_row][/et_pb_section]</p>

<p>La sidrere dai limons de vile e je un dai elements plui inmagants di cjalâ, un lûc che al ten dongje funzionalitât e elegance. Fate sù intal 1883 par volê dal cont Guglielmo Claricini Dornpacher, cheste struture e je stade pensade par protezi i arbui di limon intal periodi frêt dal Invier. La tradizion e [&hellip;]</p>
